44?
25
What is the remainder when 17332 is divided by 819?
133
Calculate the remainder when 69432 is divided by 2696.
2032
Calculate the remainder when 18718 is divided by 3377.
1833
Calculate the remainder when 339200 is divided by 30834.
26
What is the remainder when 1770162 is divided by 417?
414
What is the remainder when 522646 is divided by 861?
19
What is the remainder when 824957 is divided by 412437?
83
Calculate the remainder when 3508559 is divided by 40.
39
Calculate the remainder when 479469 is divided by 1673.
991
What is the remainder when 6922731 is divided by 20421?
12
What is the remainder when 145706 is divided by 415?
41
What is the remainder when 1357473 is divided by 896?
33
Calculate the remainder when 50533502 is divided by 730.
712
What is the remainder when 108275521 is divided by 5413776?
1
Calculate the remainder when 3170791 is divided by 288252.
19
What is the remainder when 44021 is divided by 2221?
1822
Calculate the remainder when 1629321 is divided by 179.
63
Calculate the remainder when 8621712 is divided by 248.
240
Calculate the remainder when 53085137 is divided by 8270.
7
Calculate the remainder when 14487961 is divided by 59621.
58
Calculate the remainder when 727537 is divided by 242476.
109
What is the remainder when 1299354 is divided by 292?
246
What is the remainder when 57363455 is divided by 1978050?
5
Calculate the remainder when 6638784 is divided by 1226.
1220
What is the remainder when 86158 is divided by 6003?
2116
Calculate the remainder when 31151429 is divided by 19.
17
Calculate the remainder when 117414740 is divided by 4954.
4940
What is the remainder when 166141 is divided by 82811?
519
What is the remainder when 101692 is divided by 7593?
2983
Calculate the remainder when 39157 is divided by 2984.
365
What is the remainder when 212111 is divided by 395?
391
What is the remainder when 83601 is divided by 41473?
655
Calculate the remainder when 10876265 is divided by 5976.
5921
What is the remainder when 594517 is divided by 73963?
2813
Calculate the remainder when 125472 is divided by 2321.
138
What is the remainder when 4752 is divided by 2370?
12
Calculate the remainder when 28108 is divided by 12762.
2584
What is the remainder when 15010314 is divided by 3033?
3030
What is the remainder when 215626 is divided by 30694?
768
Calculate the remainder when 201640 is divided by 93.
16
What is the remainder when 1066286 is divided by 82021?
13
Calculate the remainder when 1395405 is divided by 2002.
11
What is the remainder when 17504656 is divided by 17504654?
2
What is the remainder when 345547 is divided by 433?
13
What is the remainder when 8737 is divided by 447?
244
Calculate the remainder when 134351047 is divided by 3321.
3313
What is the remainder when 635982 is divided by 635818?
164
Calculate the remainder when 6031955 is divided by 20.
15
Calculate the remainder when 8798926 is divided by 408.
406
What is the remainder when 1009572 is divided by 34?
10
What is the remainder when 2330 is divided by 1941?
389
What is the remainder when 26256970 is divided by 254922?
4
Calculate the remainder when 199399 is divided by 6352.
2487
Calculate the remainder when 1275820962 is divided by 19.
13
Calculate the remainder when 1269789 is divided by 2953.
2952
Calculate the remainder when 605186 is divided by 100047.
4904
Calculate the remainder when 2892384 is divided by 874.
318
What is the remainder when 389784791 is divided by 153?
2
Calculate the remainder when 979072 is divided by 9332.
8544
What is the remainder when 278229 is divided by 15373?
1515
Calculate the remainder when 377322 is divided by 1168.
58
Calculate the remainder when 281402 is divided by 281329.
73
What is the remainder when 17167477 is divided by 220?
217
Calculate the remainder when 44150106 is divided by 73.
71
Calculate the remainder when 9293 is divided by 2471.
1880
What is the remainder when 307808 is divided by 180?
8
What is the remainder when 1308597 is divided by 163570?
37
What is the remainder when 42725 is divided by 7?
4
Calculate the remainder when 1790401 is divided by 895042.
317
What is the remainder when 781054088 is divided by 36?
32
What is the remainder when 1424881 is divided by 6168?
73
What is the remainder when 423616 is divided by 300?
16
Calculate the remainder when 1256293 is divided by 418670.
283
What is the remainder when 3718908 is divided by 60?
48
What is the remainder when 5282714 is divided by 142776?
2
What is the remainder when 2131004 is divided by 4990?
274
Calculate the remainder when 419965375 is divided by 5761.
5758
Calculate the remainder when 18925706 is divided by 5749.
5747
What is the remainder when 63357 is divided by 1910?
327
Calculate the remainder when 25254 is divided by 515.
19
What is the remainder when 82508202 is divided by 2015?
2012
What is the remainder when 181323 is divided by 743?
31
Calculate the remainder when 304176423 is divided by 355.
353
Calculate the remainder when 2189208 is divided by 68411.
56
What is the remainder when 9795210 is divided by 657?
654
Calculate the remainder when 4058961 is divided by 9596.
9449
Calculate the remainder when 4136565 is divided by 293.
284
Calculate the remainder when 114516757 is divided by 59.
58
What is the remainder when 1110654 is divided by 389?
59
Calculate the remainder when 1292067 is divided by 560.
147
What is the remainder when 248439 is divided by 124216?
7
What is the remainder when 2780410 is divided by 10222?
26
What is the remainder when 18579924 is divided by 4644978?
12
What is the remainder when 155379 is divided by 77632?
115
Calculate the remainder when 2747942 is divided by 372.
350
Calculate the remainder when 17952304 is divided by 805.
804
What is the remainder when 332990 is divided by 110986?
32
Calculate the remainder when 496979 is divided by 20707.
11
What is the remainder when 2872758 is divided by 151?
134
What is the remainder when 1489944 is divided by 210?
204
What is the remainder when 329130 is divided by 181?
72
Calculate the remainder when 360238 is divided by 90046.
54
Calculate the remainder when 206714 is divided by 999.
920
Calculate the remainder when 902440 is divided by 56402.
8
Calculate the remainder when 10262993 is divided by 2488.
2481
What is the remainder when 1080630 is divided by 14?
12
What is the remainder when 144857 is divided by 9053?
9
What is the remainder when 2333862 is divided by 2333783?
79
Calculate the remainder when 22124299 is divided by 3160613.
8
What is the remainder when 753911 is divided by 2824?
2727
What is the remainder when 37646 is divided by 36636?
1010
Calculate the remainder when 1355986 is divided by 62.
46
Calculate the remainder when 16119419 is divided by 137.
136
Calculate the remainder when 24954 is divided by 347.
317
What is the remainder when 767115 is divided by 5993?
11
What is the remainder when 40474 is divided by 10061?
230
Calculate the remainder when 444173 is divided by 727.
703
What is the remainder when 3069381 is divided by 6836?
17
Calculate the remainder when 17180576 is divided by 21914.
0
What is the remainder when 23993 is divided by 23817?
176
What is the remainder when 10273441 is divided by 194?
171
What is the remainder when 18901 is divided by 9364?
173
Calculate the remainder when 4045475 is divided by 582.
575
Calculate the remainder when 17425 is divided by 2699.
1231
What is the remainder when 191250 is divided by 47809?
14
Calculate the remainder when 2320050 is divided by 2144.
242
Calculate the remainder when 3201801 is divided by 4386.
21
What is the remainder when 4500863 is divided by 1152?
1151
What is the remainder when 157515 is divided by 17407?
852
Calculate the remainder when 9779715 is divided by 59.
52
Calculate the remainder when 252100 is divided by 23.
20
What is the remainder when 16611977 is divided by 46?
43
Calculate the remainder when 624549 is divided by 101.
66
What is the remainder when 19822 is divided by 7585?
4652
Calculate the remainder when 86319 is divided by 1859.
805
Calculate the remainder when 1783821 is divided by 141.
30
Calculate the remainder when 133806 is divided by 13367.
136
What is the remainder when 2912933 is divided by 1735?
1603
What is the 